3070)/(-2). Suppose -4*i - 125 = -2*g + 489, -p = -2*g - 4*i. Is g a prime number?
True
Let y be (-2)/(-6) + 8/12. Suppose -4*k - 5*u = 32, 6 = -3*k - 4*u - 19. Is (2/k)/(y/(-87)) a prime number?
False
Suppose 16625 = 2*s - q, -s - 24939 = -4*s + 3*q. Suppose -7*j = j - s. Is j a prime number?
True
Is 1352/117 - 12 - 45242/(-18) composite?
True
Let n be 2*(1/(-2) + 3). Suppose -n*z = -2*z - 5889. Is z a prime number?
False
Let j(b) = 12*b**2 + 5*b - 4. Let k be j(-6). Let g = 721 - k. Suppose -2*f - 5*s + 271 = -g, 2*s + 1543 = 5*f. Is f prime?
True
Let w be 4*3/((-12)/(-7)). Let m(o) = o**3 - 4*o**2 - 6*o. Let l be m(w). Let q = -66 + l. Is q composite?
True
Suppose 3*u = 9, 577 = -4*s + 5*s + 2*u. Let i = s + -268. Is i composite?
True
Suppose -3*r - 2*f = 3*f - 33, 4*r - 4*f = 44. Suppose -r*q + 596 = -7*q. Is q prime?
True
Suppose -2*b + 3718 = 3*v + v, 5*b = v + 9295. Let w be (-1)/6 - b/78. Is -177*(-20)/w*-2 a prime number?
False
Is (3*91672/(-294))/(4/(-14)) a composite number?
True
Let x = -144033 + 204742. Is x prime?
False
Let a(r) be the first derivative of r**2 + 14*r - 3. Let v be a(-9). Is 185/2 + (-2)/v a composite number?
True
Is 3 + 15925 + (-189)/21 a composite number?
False
Suppose -n + 3 = 0, 2*n - 6397 = 3*i - 19699. Suppose 3*g = -g + i. Is g a prime number?
True
Suppose -14*w + 208746 = 4*w. Is w a prime number?
True
Let v be -1 - (4 - 2 - 4). Let l be (1 - v) + 2576/7. Is (1/2)/(8/l) composite?
False
Let i be 397/1*(-4)/4. Let w = -184 - i. Is w prime?
False
Suppose -22*z = -23*z + 10903. Is z prime?
True
Let v(f) = 15500*f**2 + 3. Is v(1) a prime number?
False
Let i(s) = 3*s**2 + 20. Suppose 4*o - 4*t = 80, 3*t = o - 0*t - 26. Is i(o) a prime number?
True
Suppose 1 = 3*o - 8. Suppose 3*m - o*j - 1089 = 0, 5*m - 1821 = -0*m + 2*j. Is m prime?
False
Is (-89)/((-2 - -3)/2*-2) a composite number?
False
Suppose 0 = 2*r - 6 - 16. Suppose -7*h - 812 = -r*h. Is h a composite number?
True
Let s = -44 - -49. Suppose -4*z + 6*z - 5*w = 253, z = s*w + 119. Is z prime?
False
Suppose -5900 = -14*m + 12*m - 3*u, 5*u = 3*m - 8869. Is m a composite number?
False
Let h be (-28)/(-15) + 4/30. Suppose 0 = -h*w + 5*u + 5016, -6*w + w = -2*u - 12519. Is w a prime number?
True
Suppose -8 = 2*z, -4*x - 1 + 9 = 4*z. Let c = x + -6. Suppose -3*r - 2*p + 777 = 0, c*r - 263 = -r - 2*p. Is r prime?
True
Let y = 193 - 131. Let p = 156 + y. Is p prime?
False
Let l = -289 + 556. Is l a prime number?
False
Suppose -695 = -5*y - 0*y. Let x = y - -131. Suppose 104 = 2*i - x. Is i composite?
True
Suppose 0*x - 12 = -4*x. Let b(n) be the third derivative of 31*n**4/24 + 2*n**3/3 + 64*n**2. Is b(x) a prime number?
True
Suppose -3*q = -2*z + 14 + 254, -388 = 4*q + 5*z. Let d = -30 - q. Is d composite?
True
Let i = 1666 - -5645. Is i prime?
False
Let x(j) = -111*j - 10. Is x(-21) a prime number?
False
Let t = -3529 + 12216. Suppose -3*g - 4*w - 2901 = -4*g, 3*g + 4*w - t = 0. Is g composite?
False
Is (-580)/8*((-208)/5 + -2) a prime number?
False
Let h(z) = z**3 - 10*z**2 + 5*z - 99. Is h(21) prime?
False
Is 11*3981*(-4)/(-28 - -16) composite?
True
Suppose 3*q = -2*w + 29170, 2*w - 6*q - 29198 = -2*q. Is w prime?
True
Let r = 569 + -206. Suppose -2*l = n - 139, -l = n - 60 - 9. Let m = r - l. Is m a prime number?
True
Let c be (-30)/(-2)*2*690. Is 4/22 + (c/(-44))/(-3) prime?
True
Suppose -u - 4*f + 111 = -255, -u + 2*f + 336 = 0. Let v = 1189 - u. Suppose 0 = -a - 4*a + 4*d + v, 5*a - 837 = d. Is a prime?
True
Let m(x) = -287*x - 20. Is m(-5) prime?
False
Let b = -4199 + 6142. Is b composite?
True
Suppose 3*x = -9, -4*x = -3*f - x + 12. Is (19496/12)/(1/(-3) + f) a composite number?
False
Let i(y) be the first derivative of 4*y**3/3 - 11*y**2/2 + 5*y + 12. Is i(12) composite?
False
Let j = -12 + 3. Suppose -171 = 2*u - 5*z - 53, 5*u + 322 = -z. Let w = j - u. Is w composite?
True
Let d = -3460 - -10077. Is d a prime number?
False
Let w(n) = -630*n - 6. Suppose 2*o - 19 = -5*p, 0 = 4*o - 0*o - 4*p + 32. Let f be w(o). Is f/18*6/4 composite?
False
Let u(y) = 90*y**3 - 2*y**2 - 4*y - 15. Is u(7) a composite number?
True
Suppose -800*y + 796*y + 109652 = 0. Is y composite?
True
Let n(c) = c + 30 - c**3 + 131 + 0*c**3. Is n(0) prime?
False
Let s be ((-34)/6 + -1)*-3. Suppose s = p + 3*p, 2*p + 1122 = 4*a. Let c = a + -26. Is c prime?
True
Let b = -45 - -74. Let t(w) = -2*w**2 - 5*w**3 + 5 - 2*w - 3*w**3 + w**2 + b*w**3. Is t(3) a composite number?
False
Suppose 6*o - 7330 = o. Suppose n - l - 2932 = -3*n, o = 2*n + 4*l. Is n a composite number?
False
Let i(r) = r + 5. Let f be i(-2). Suppose 3*z - 1 = -2*g, -3*z + 0*z + 6 = -f*g. Is (-37)/g + (0 - -2) a composite number?
True
Suppose 2*a + 2*f = 284 + 60, 0 = 5*a - 4*f - 896. Suppose 2134 = 3*j + 7. Suppose 5*t - a - j = 0. Is t composite?
True
Suppose -4*l = -q + 47, -2*l - 2*l - 4*q - 52 = 0. Let k be (-63)/(-12)*(-416)/l. Suppose -k = -3*x + 13. Is x a composite number?
True
Is 460322/(-92)*-1*2 a prime number?
True
Suppose 37*n - 35*n + 5258 = 0. Let c(a) = -155*a**2 + 2*a - 1. Let y be c(-3). Let j = y - n. Is j composite?
True
Suppose -30 = -5*h - 0*h. Is (-23824)/(-12) + (4/(-2))/h a prime number?
False
Let u(c) = 110*c**3 + c**2 - 2*c + 1. Let v be u(1). Suppose -2*m = v - 620. Is -2 + (m - -2) + -4 composite?
False
Suppose -68 = 4*s - 5*f, -s + 4 + 4 = 5*f. Let h(o) = -7*o - 19. Is h(s) a composite number?
True
Let q(n) be the third derivative of -n**5/30 - n**4/12 + 5*n**3/6 - 3*n**2. Let p(x) = -x**2 - x - 1. Let b(y) = -4*p(y) + q(y). Is b(5) a prime number?
False
Let k be (-1 + 5)/(12/18). Let w be 8/(-6)*k/(-4). Suppose -2*i - w*i = 3*f - 747, -2*f + 376 = 2*i. Is i a prime number?
False
Let d(o) = 18*o + 14*o - 10 + 3. Let u(l) = -33*l + 8. Let v(x) = -7*d(x) - 6*u(x). Is v(-3) a composite number?
False
Let o = -610 + 3105. Is o a composite number?
True
Let i(r) = -210*r + 3. Let j be i(-2). Suppose -7*q = -j - 46. Is q prime?
True
Suppose 4*q = -0*q - 2*l + 18136, -5*q + 2*l + 22661 = 0. Suppose 47*n - q = 44*n. Is n prime?
True
Let l(x) = x**3 - 12*x**2 + 18*x + 12. Let o(y) = -y**2 - 3*y + 2. Let f be o(-3). Let z be 25/f + (-3)/(-6). Is l(z) prime?
False
Let n be (-16206)/10 - 4/10. Let w = n - -2418. Is w prime?
True
Let y(d) = d**3 - 5*d**2 - 5*d + 9. Let m be y(12). Suppose -s - 603 = -4*l + 352, 4*l + s - m = 0. Is l prime?
True
Let m be 5/(-10)*(1 + -1). Suppose g = 3*g - 154. Suppose v - g - 186 = m. Is v a composite number?
False
Let a be (-2)/6*(2 - 2). Let s(p) = -2*p - 8*p**2 + 31*p**2 + 0*p**2 - 3 + a. Is s(-2) a composite number?
True
Let n(r) = -2*r. Let z be n(-2). Suppose -5*w + z*l + 2461 = 0, -4*w + 2*w = 5*l - 991. Is w prime?
False
Let u = 10823 - 6120. Is u prime?
True
Let d be (2/(0 + -6))/(9/(-27)). Is ((-66)/(-24))/(d/148) a prime number?
False
Suppose 4*n + 16 = 0, -2*s + 6*n - 3*n - 988 = 0. Let o = s + 1861. Is o a composite number?
False
Let z be (-19)/3 + (-6)/(-18). Let k(o) = -3*o**3 - 3*o**2 - 7*o - 9. Let s be k(z). Suppose -5*c + 2*c + s = 0. Is c composite?
False
Suppose 2*s - 11250 = -4*p, -5*p - 1179 = -5*s - 15249. Is p a prime number?
False
Let v(h) = 3*h**3 + 9*h**2 + h - 17. Let g be v(8). Let n = g + -902. Is n a composite number?
False
Let r(n) = n**3 + n**2 + 1. Let t(p) = 400*p**3 + 2*p**2 - p + 2. Let x(y) = -2*r(y) + t(y). Let w(c) = -c**2 + 13*c - 41. Let u be w(7). Is x(u) composite?
False
Suppose -o - 37 = -2*o. Let q = 10 + o. Let g = q - 10. Is g prime?
True
Suppose 8*d - 4*b = 7*d + 20751, -2*b = 2*d - 41482. Is d prime?
True
Let x(d) = 3*d**3 + 19*d**2 - 4*d + 11. Let m be x(-8). Is m/(14/(-6) + 2) a composite number?
True
Let h(o) = -26*o - 15. Let l be h(8). Let a = -108 - l. Is a prime?
False
Let d(i) = -2*i**2 - 34*i - 12. Let w be d(-17). Is w/(-8)*4/24*1864 prime?
False
Let h be 8/10 - (-23790)/(-50). Let t = h - -1171. Suppose -3*l = -t - 345. Is l composite?
False
Let n = 7290 + -41. Is n a prime number?
False
Suppose -4*s + 6171 = 3*w - 2*s, 0 = 5*s. Let v = -1092 + w. Is v a composite number?
True
Let r = 12579 - 5762. Is r prime?
False
Suppose 4*m + 5*t - 12111 = 6798, 5*m + 5*t = 23630. Is m composite?
False
Let r be ((-9)/(-18))/((-2)/(-4)). Let j(f) = -r - 265*f - 8 - 2. Is j(-4) composite?
False
Suppose 7*r - 3*r - 6*x -